*v - 125 = 3*v. List the prime factors of v.
5
Let l = 721 + -370. What are the prime factors of l?
3, 13
Let r = 870 + -501. What are the prime factors of r?
3, 41
Suppose -8*w + 11*w - 108 = 0. What are the prime factors of w?
2, 3
Let y be 6*-1*(-2)/4. Let w = y - 20. Let f = 28 + w. What are the prime factors of f?
11
Suppose 3*d = 12, i - 3*d + 2*d = 0. Let h = 8 + -6. Suppose -3*x + 51 = 3*t, -6*x + i*t + 36 = -h*x. What are the prime factors of x?
13
Let v(p) = 11*p**2 + 3*p + 1. What are the prime factors of v(2)?
3, 17
Let w = 16 - 22. What are the prime factors of (w/(-12))/(1/16)?
2
List the prime factors of 0/(-11) - (-103 - 2/1).
3, 5, 7
Let y(w) = w**2 - 5*w. Let c be y(5). Suppose 4*h = 44 - c. List the prime factors of h.
11
Let x be (-43)/(-9) + (-4)/(-18). Let a = -49 - -39. What are the prime factors of 4/a + 82/x?
2
Let j be (-1096)/22 - 2/11. Let v be (0 + j)/(3 + -4). Suppose 0*s - 3*s = -2*f - 37, -4*s + 2*f = -v. List the prime factors of s.
13
Let y = -4 - -3. What are the prime factors of 3/((-9)/12)*y?
2
Suppose -9*o + 14*o = 30. Suppose -104 = -4*h + 2*g + 3*g, -16 = 4*g. List the prime factors of 76/o - 14/h.
2, 3
Suppose -2*y + 2*k = -26, 6 + 6 = 2*y + 5*k. Let l = y + 15. List the prime factors of l.
2, 13
Suppose 0 = -y + 6*y - 325. List the prime factors of y.
5, 13
List the prime factors of 1*-9*82/(-6).
3, 41
Let i(f) = -7*f - 11 + 3 + f**2 - 3. List the prime factors of i(10).
19
Suppose 105 = 4*h + 3*h. List the prime factors of h.
3, 5
Suppose 0 = g + m, 9*m + 8 = -3*g + 4*m. Suppose -5*d - g = -24. Suppose o = d*s - 57, 3*s + o - 43 = 2*o. List the prime factors of s.
2, 7
Suppose 2*w + 508 = 2*m - 0*w, 3*m + 4*w = 776. What are the prime factors of m?
2
Let l(n) = 2*n - 12. Let i = -20 - -28. What are the prime factors of l(i)?
2
Let z(y) = 5 + 2*y - y**3 - 5 - y**2. Let j be z(-2). Suppose j*s + 6 = s. What are the prime factors of s?
2, 3
Let u = -46 - -90. Suppose -2 + u = x. List the prime factors of x.
2, 3, 7
Let k(x) = x - 6. Let y be k(7). Suppose -3*t + 8 + y = 0, 5*i = -t + 158. List the prime factors of i.
31
Let d(n) = 4*n**2 - n - 3. List the prime factors of d(-3).
2, 3
Let b = -42 - -120. What are the prime factors of b?
2, 3, 13
List the prime factors of (-2 - -2) + 1 + 3.
2
Suppose -l - 2 + 6 = 0. List the prime factors of (23/(-2))/((-2)/l).
23
Suppose 5*x = j - 14, 2*j = -j - x + 26. Let a = 39 - j. What are the prime factors of a?
2, 3, 5
Suppose -5*y + 5*x = -54 - 11, -67 = -5*y + 3*x. List the prime factors of y.
2, 7
Suppose -n + 3*d = -2*d + 10, 2*d - 40 = 4*n. Let f = n + 24. What are the prime factors of f?
2, 7
Suppose 0 = -6*j + 3*j + 9. Suppose -x + 0*x + j = 0. List the prime factors of x.
3
Suppose 5*o = -x - 7, -x - 3*o = -2*x + 17. List the prime factors of x.
2
Let n(u) = 5*u**2 + 8*u + 4. Let l be n(-5). Let s = l - 45. What are the prime factors of s?
2, 11
Let w be (1/(-2))/(1/(-2)). Suppose -v + f - w = -10, -4*v + 43 = 3*f. List the prime factors of v.
2, 5
Let x(h) = -3*h + 4. Let w(v) = -v - 1. Let l(b) = -2*w(b) + x(b). What are the prime factors of l(-5)?
11
Let a(m) = 20*m**2. Let l(u) = u**2 - 3*u - 5. Let n be l(4). Let q be a(n). Suppose -2*s + q = 4*b, -2*s + 4*b - 3 - 1 = 0. List the prime factors of s.
2
Let b(c) = 3*c - 6. Let t(o) = -o. Let p(g) = -b(g) - 4*t(g). List the prime factors of p(9).
3, 5
Let b = -29 - -77. What are the prime factors of b?
2, 3
Suppose 5*l - 65 = 215. List the prime factors of l.
2, 7
Let h = -10 + -8. Let y(z) = -5*z + 5. Let p be y(-4). Let s = p + h. What are the prime factors of s?
7
Suppose 5*p - 4*w + 211 = 0, -70 = 2*p + 3*w - w. Let i be p/4 + 1/(-4). List the prime factors of 1 - (i - (2 - 2)).
11
Let g be (-1 - -7)*(-20)/(-30). Suppose -3*k + k = g*a + 2, -5 = 5*a + 3*k. List the prime factors of a.
2
Suppose -y - 3*y = 0. Let s be (-13 + 2)*1 + y. Let m = s + 20. List the prime factors of m.
3
Suppose 4*h = -2*b + 8*h + 206, -b - 3*h + 78 = 0. List the prime factors of b.
3, 31
Let d(n) = -n**2 - 8*n - 1. What are the prime factors of d(-7)?
2, 3
Let d(t) = t + 3. Let g be d(6). Let n be (-6)/g*6*1. List the prime factors of (10/n)/((-2)/8).
2, 5
Let k(v) = v - 2. Let m be k(6). Suppose 14 = 5*y + 2*a - 24, -5*a = -m*y + 4. List the prime factors of y.
2, 3
Let d = 11 - 17. Let k(p) = p**3 + 7*p**2 + 4*p - 5. Let b be k(d). Let l = b + 4. List the prime factors of l.
11
Let d(u) = -2*u - 3*u + 3*u. Let y be d(4). Let x = y - -15. What are the prime factors of x?
7
Let w be -6 + (-2 - 0) + 4. List the prime factors of -42*(w/(-3))/(-4).
2, 7
Let o = 129 + -233. Let a = 146 + o. What are the prime factors of a?
2, 3, 7
Let t = -89 - -55. Let h = t + 56. List the prime factors of h.
2, 11
Let l(t) = t**3 + 10*t**2 - 6*t + 13. Let j be l(-10). Suppose -w = y - 13 + 4, 0 = 5*y - 2*w - j. What are the prime factors of y?
13
Let g(j) = j**3 - 12*j**2 - 20*j + 3. Let k be g(14). Suppose 0*z - 5*z = -5*t + k, 4*z = 8. What are the prime factors of t?
5
Let r = 11 - 7. Suppose 0 = -r*j + 17 + 71. List the prime factors of j.
2, 11
Suppose 3*z - 96 = -z. List the prime factors of z.
2, 3
Suppose 209*b - 211*b = -630. List the prime factors of b.
3, 5, 7
Let n = 288 + -128. What are the prime factors of n?
2, 5
Let l be 1295/14 + (-1)/2. Suppose 5*i = -5*j + 90, -5*j - 2*i - 2*i = -l. Let n = -11 + j. What are the prime factors of n?
3
Let f = -1 - -3. Suppose -u - 35 + 14 = 5*c, -10 = 3*c - f*u. Let x(d) = -3*d - 4. What are the prime factors of x(c)?
2
Let o(d) = 68*d + 6. Let x be o(-4). List the prime factors of x/(-35)*(-10)/(-4).
19
Let j be 6/12*(-6)/(-1). Suppose 0*i - j*i = -6. What are the prime factors of i?
2
Let x = 9 - 7. Suppose 4*r - 20 = 0, 6 = -5*c - 2*r + 26. Suppose -x*i + c = -8. List the prime factors of i.
5
Suppose -119 + 9 = -4*s - 2*q, -3*s = 3*q - 81. Let o = s - -6. List the prime factors of o.
2, 17
What are the prime factors of 6*1*(-3 + 124/8)?
3, 5
Suppose 21*r - 24*r = -411. List the prime factors of r.
137
Let m be ((-12)/9)/(3/9). Let g(r) = -2*r + 9. What are the prime factors of g(m)?
17
Suppose 5*o = -4*u + 16, -3*u + 4*o + 8 = -u. Suppose 2*s - u*y = 46, s = -s + y + 34. List the prime factors of s.
3, 5
Let r(y) = y**2 + 7*y - 5. Let u be r(-8). Suppose 4 = -u*x + 13. What are the prime factors of x?
3
Let n = 12 - 8. List the prime factors of n.
2
Let d = 53 - 91. Let i(b) = b**3 + 9*b**2 + 11*b. Let c be i(-8). Let y = c - d. What are the prime factors of y?
2, 7
Suppose 26 = t + 5. What are the prime factors of t?
3, 7
Let r = -10 + 1. What are the prime factors of (-196)/r - 2/(-9)?
2, 11
Let h be (-21)/(-15) - (-6)/10. Let m be (2 - (h + 0)) + -8. Let g(u) = -u**2 - 10*u - 9. What are the prime factors of g(m)?
7
Let c(h) = h**3 - 2*h**2 - 2*h + 4. List the prime factors of c(5).
3, 23
Let u(b) = -b**3 - 9*b**2 - 8*b + 19. List the prime factors of u(-8).
19
Let i(f) = f. Let a(u) = -18*u - 2. Let s(b) = 2*a(b) + 6*i(b). Let m be s(-3). What are the prime factors of m/6 + (-4)/(-6)?
3, 5
Suppose f = -2*f + 342. Suppose -j - 2*j + 3*g = -f, -3*g = -j + 42. List the prime factors of j.
2, 3
Suppose 5*f = -5*w + 95, f = -3*f + w + 101. What are the prime factors of (0 - 5)*f/(-10)?
2, 3
Let r(j) = -j**2 - 4*j + 7. Let d be r(-5). Suppose d*l = -l + 51. List the prime factors of l.
17
Let p be 4/(-6) + (-6)/(-9). Let z = 6 + p. What are the prime factors of z?
2, 3
Suppose -11 + 3 = 4*a. Let r(p) be the second derivative of -p**5/20 - p**3/3 - 3*p**2/2 - 2*p. What are the prime factors of r(a)?
3
Suppose -2*k = -k + 4, 4*a = 5*k + 28. Suppose 4*l - a*j - 75 = -5*j, j = l - 10. What are the prime factors of l?
3, 5
Suppose 0*s + 80 = 5*s. Suppose 5*u - u + s = 0. What are the prime factors of (4/5)/(u/(-30))?
2, 3
Let x(t) = 21*t + 13. What are the prime factors of x(6)?
139
Suppose 5*r - 1113 + 418 = 0. Suppose 2*p - 3*i - 2*i = 65, 4*p = i + r. List the prime factors of p.
5, 7
Suppose 0*f + 30 = -2*f. What are the prime factors of (-1)/3 - 155/f?
2, 5
What are the prime factors of 207 - (-4 - (-2 + 2))?
211
Let l = -35 + 46. List the prime factors of l.
11
Let n(y) = 3 - 4*y - 2*y + 3*y. List the prime factors of n(-5).
2, 3
Let r = -16 - -3. Suppose 5*z = -l, -z + 4*z + 4*l - 17